.
2, 7
Let p be ((-4)/(-10))/((-2)/(-10)). Let q be ((-24)/(-16))/((-9)/(-12)). Suppose -p*h = -q*s + 136, -21 = s + h - 81. List the prime factors of s.
2
Let b = 4572 - 73. List the prime factors of b.
11, 409
Let d(r) = 19*r**2 - 10*r + 17. What are the prime factors of d(6)?
641
Let w be 0 - 53 - (-5 + 6). Let p be (-18)/w + 5/3. List the prime factors of 55/(-22) + 93/p.
2, 11
List the prime factors of 11066247/216 + (-75)/120.
2, 1601
Let f be ((-2)/(-6))/((-4)/(-39372)). Suppose -9*a = -f - 2020. List the prime factors of a.
19, 31
Suppose -4*l + 136 = -5*s - 34, -5*s = 4*l - 190. Suppose -8*u - 8806 = -l*u. List the prime factors of u.
2, 7, 17
Suppose 4 = -2*s + 8. Suppose s*v + 636 = 4*v. List the prime factors of v.
2, 3, 53
Let c(v) = 13*v - 10. Let a be c(1). Suppose -16*y + 13*y = -3, a*l - 2*y = 1918. What are the prime factors of l?
2, 5
Suppose -5*w = -2*w - 1326. Suppose -84 = -o + w. Suppose 2*b = -3*y + 805, 2*y - 4*b = -0*b + o. What are the prime factors of y?
3, 89
Let g = -10 - -14. Suppose 4*m - 1798 = -g*d + 342, -d = -m + 527. List the prime factors of m.
3, 59
Suppose 4*f = -g + 5079, -4*g + 9*g - 25395 = -5*f. Let u = g - 3157. List the prime factors of u.
2, 31
Let u be 2 - 1 - (1 - 62). Let r = u - -236. What are the prime factors of r?
2, 149
Let w = 83 + -58. Suppose -20 - w = -9*o. What are the prime factors of 549/o + (64/20 - 3)?
2, 5, 11
Suppose 176*t + 200*t - 2328703 = -650615. List the prime factors of t.
4463
Suppose 136*m + 4158 = 142*m. What are the prime factors of 30/(m/114 + -6)?
2, 5, 19
Let v = 1530 - 339. Let t = v - 43. What are the prime factors of t?
2, 7, 41
Suppose -3*t + 3 = 4*c + 48, -3*t + 15 = 0. Let w = 6 + c. List the prime factors of ((-6)/w)/(2/93).
31
Let l(g) = 52093*g + 38. List the prime factors of l(1).
3, 17377
Suppose 13*i - 14 = 25. Suppose -12*v + 2*r = -8*v - 4520, 0 = -i*v - 5*r + 3403. What are the prime factors of v?
3, 13, 29
Let v = -12093 - -50801. List the prime factors of v.
2, 9677
Suppose -105*g + 97*g = -64. Suppose 13*o = g*o + 3295. What are the prime factors of o?
659
Suppose -14*o - 16 = -44. Suppose 0 = o*b - 7*b + 20. Suppose -126 - 750 = -b*y. List the prime factors of y.
3, 73
Let o(z) be the second derivative of -7/6*z**3 + 16*z - 33/2*z**2 + 0. List the prime factors of o(-16).
79
Let o = -111 + 116. Suppose 3*l + 5*h - 88 - 335 = 0, o*l - 4*h = 705. What are the prime factors of l?
3, 47
Let d(s) = -6616382*s**3 + 19*s**2 + 20 + 18*s + 24*s + 6616381*s**3. Let q(o) = -20*o**3 - o. Let r be q(-1). What are the prime factors of d(r)?
2, 5
Let b = -26 + 30. Suppose b*y - 3*t + 29 = 6*y, 5*y + 3*t = 86. Let w = 51 + y. What are the prime factors of w?
2, 5, 7
Suppose -a - 32 = -138. Suppose -42 = -47*h + 52. Suppose -2*x + 3*t + a = 4*t, h*t + 265 = 5*x. List the prime factors of x.
53
Suppose -13 = 4*f - 5*s, -7*f + 3*f + s + 7 = 0. Suppose -3*v + 3*h + 2461 + 239 = 0, 2*v - f*h = 1795. What are the prime factors of v?
5, 181
Suppose -112*v = -6337874 - 488589 + 561071. List the prime factors of v.
3, 29, 643
Let t(s) = 4*s**3 - 5*s**2 + 11*s - 35. Let k be t(3). Suppose k*n = 51*n + 4500. What are the prime factors of n?
2, 3, 5
Let f be (14/(-4) - -5)/((-1)/(-10)). Suppose -2*d = -w + 508, 4*w - f*d = -12*d + 2012. List the prime factors of w.
2, 5
Suppose -q + 9595 = 4*h - 974, 2*q + 10578 = 4*h. List the prime factors of h.
3, 881
Let d(w) = 1529*w + 1722. List the prime factors of d(9).
3, 13, 397
Let g be (6/5)/(6/240*8). Let v(d) = -5*d - 1. Let m be v(g). Let k = m - -34. What are the prime factors of k?
3
What are the prime factors of 8/2 - (25 + 20 + -27608)?
3, 1021
Let v be 2/7 - (-3600)/140. Let m = v - 21. Suppose -57 = -m*f + 273. What are the prime factors of f?
2, 3, 11
Suppose -25*h + 361101 = -493778 + 14054. What are the prime factors of h?
3, 37, 101
Suppose -36*m + 122528 = -48148. What are the prime factors of m?
11, 431
Let n(x) be the third derivative of 5*x**4/2 + 17*x**3/6 - 8*x**2 - 2*x. What are the prime factors of n(10)?
617
Let s be (-8)/(-1*4/56*-2). List the prime factors of ((-92)/12)/(s/18 - -3).
3, 23
Let y(q) = -q**3 + 62*q**2 - 42*q + 397. What are the prime factors of y(49)?
2, 1847
Let q(f) = -496*f - 51. Let n be q(-3). Suppose 5*v - o - 3*o = 1583, -2*o - 4 = 0. Suppose v - n = -6*u. List the prime factors of u.
11, 17
Suppose 20*y + 3836 = 22*y. Suppose 2*q = -3*q - 2*u + 1921, 5*q + u = y. What are the prime factors of q?
383
What are the prime factors of (14 - (-2035)/(-143)) + 1952115/39?
2, 29, 863
Let m(u) = 17*u + 3. Let q be m(-2). Let d = q - -24. List the prime factors of 19*(-1 + 2)*(d + 8).
19
Suppose -2818*v + 2814*v + 139896 = -3*u, u = -v + 34974. List the prime factors of v.
2, 3, 29, 67
Suppose -15*z + 16 = 1. List the prime factors of ((-111)/(z/1))/((-12)/8).
2, 37
Let i(n) = 28*n**3 - 4*n**2 + 2*n + 6. Let z be i(-3). Let o = z - -518. Let r = 386 + o. List the prime factors of r.
2, 7
Let k = 244 + -239. Suppose 4*r + 2*z - 370 = 1410, -k*r + 2207 = -2*z. List the prime factors of r.
443
Suppose -199 = -14*g - 3. List the prime factors of -1 + 1784/g - 21/49.
2, 3, 7
Let n(k) = -k**3 - 194*k**2 - 159*k - 644. What are the prime factors of n(-194)?
2, 15101
Let c = 42 + -40. Suppose 2*y - c*q - 176 = -4*q, 5*y = q + 452. List the prime factors of y/(0 + 1) + (-18 - -15).
3, 29
Let x(u) = -u - 4. Let q be x(-4). Let p(l) = q + 2 + 9*l - 6. What are the prime factors of p(16)?
2, 5, 7
Suppose -5 = 5*u, 3*w - w = 2*u + 734. Let q = w + -256. Suppose -2*f + q = 5*b, -5*f + 7*f = 0. List the prime factors of b.
2, 11
Let h(u) = -5190*u**3 - 4*u**2 - 71*u - 137. List the prime factors of h(-2).
13, 31, 103
Let a be 7 + -6 + 10 + -6. Suppose 0 = d + 3*v - 608, 10*d = a*d - v + 3054. What are the prime factors of d?
13, 47
Suppose 13 = 19*p - 63. Suppose p*k - 9*x + 13*x + 3352 = 0, -k = -5*x + 808. What are the prime factors of 5 + (1 - k)/6?
2, 3
Suppose -3*x = s + x - 2240, 2212 = s - 3*x. Suppose 8*m = -8*m + s. What are the prime factors of m?
139
Let o be (-3 - 0/4) + 4. Let b(j) = -7*j**3 - 1. Let h be b(o). Let s = 15 + h. List the prime factors of s.
7
Let d = 30068 + -15534. What are the prime factors of d?
2, 13, 43
Suppose -2*d + 3 = -6*z + 5*z, 24 = 4*z + 4*d. Suppose 5*o = -4*b + 1590, -b = -2*o - z*b + 634. List the prime factors of o.
2, 7, 23
List the prime factors of 34353 - (-11)/((-209)/(-304)).
34369
Suppose -2*z + i + 26719 = 0, -165*z + 166*z = -3*i + 13370. List the prime factors of z.
31, 431
Let v(y) = -y + 25. Let n be v(19). What are the prime factors of (-1 + n + -6)*-711?
3, 79
Suppose 7*b - 6*b = 4. Suppose 856 + 660 = b*u. List the prime factors of u.
379
Suppose 5*p = -15, 8*l - 4*p + 240 = 12*l. Suppose -43248 = -87*q + l*q. What are the prime factors of q?
2, 17, 53
Let r = 18206 + -16469. What are the prime factors of r?
3, 193
Let b be (7 - 8)*(-333)/(0 + -3). Let a = b + 301. What are the prime factors of a?
2, 5, 19
Let m = 8989 + -4947. List the prime factors of m.
2, 43, 47
Let f be (70/(-28))/((-2)/284). Suppose f = 5*m + 2*c, -m - 38 + 109 = 3*c. List the prime factors of m.
71
Suppose -2*w + 23 = -3*z, z = 67*w - 68*w - 1. What are the prime factors of (-1348)/(-6)*2*6/w?
2, 337
Suppose 7*b + 13*b - 1370217 = -47*b. What are the prime factors of b?
3, 17, 401
What are the prime factors of (-170740)/(-30) + 8 - (-1)/(-3)?
41, 139
Let l = 37 + -39. Let k(j) = -39*j**3 + 2*j**2 - j - 1. Let m be k(l). Let u = -197 + m. List the prime factors of u.
2, 31
Let o(q) = 388*q + 3267. What are the prime factors of o(91)?
5, 1543
Let n = -3684 - -4558. What are the prime factors of n?
2, 19, 23
Let n(i) = -438*i + 210. List the prime factors of n(-71).
2, 3, 2609
List the prime factors of ((234/(-156))/(18/731152))/((-12)/18).
2, 45697
Suppose -5*y - 2089 = 6*v - 2*v, 0 = -2*v + 3*y - 1039. Let l = v - -921. Suppose -j + 313 = 4*q, 5*q - l + 2 = j. List the prime factors of q.
79
Let k(c) = -c**2 - c + 1. Let q(a) = -7*a**2 + a + 1. Let p(l) = 2*k(l) - q(l). Let z(s) = s**2 + 5*s + 9. Let y be z(-3). List the prime factors of p(y).
37
Let l = -508 - -105. List the prime factors of (-1174 + 1)/(14 + l/26).
2, 17, 23
List the prime factors of (-4 + -1 - -12) + 2632